he ten thousands digit of 366088?
6
What is the ten thousands digit of 70301?
7
What is the ten thousands digit of 50954?
5
What is the units digit of 22560593?
3
What is the hundred thousands digit of 5590242?
5
What is the units digit of 112178?
8
What is the ten millions digit of 12039212?
1
What is the hundred thousands digit of 140569?
1
What is the hundreds digit of 421635?
6
What is the hundred thousands digit of 250658?
2
What is the hundred thousands digit of 1450646?
4
What is the ten thousands digit of 66166?
6
What is the ten thousands digit of 2635555?
3
What is the tens digit of 272186?
8
What is the thousands digit of 72184?
2
What is the hundreds digit of 2302811?
8
What is the hundred thousands digit of 1614973?
6
What is the millions digit of 4291805?
4
What is the hundred thousands digit of 187422?
1
What is the millions digit of 4624053?
4
What is the thousands digit of 1119252?
9
What is the millions digit of 2177555?
2
What is the units digit of 345136?
6
What is the hundreds digit of 190255?
2
What is the ten thousands digit of 2560298?
6
What is the hundred thousands digit of 3702544?
7
What is the hundreds digit of 302705?
7
What is the hundred thousands digit of 142200?
1
What is the ten thousands digit of 20628729?
2
What is the units digit of 8402558?
8
What is the hundreds digit of 1519448?
4
What is the thousands digit of 311097?
1
What is the hundreds digit of 1000915?
9
What is the hundred thousands digit of 1359062?
3
What is the tens digit of 1882731?
3
What is the hundreds digit of 11460468?
4
What is the tens digit of 11727268?
6
What is the thousands digit of 3934682?
4
What is the thousands digit of 2938546?
8
What is the units digit of 998807?
7
What is the ten thousands digit of 1103184?
0
What is the tens digit of 127521?
2
What is the hundreds digit of 10357896?
8
What is the millions digit of 2991369?
2
What is the hundreds digit of 73209?
2
What is the ten thousands digit of 1037183?
3
What is the hundred thousands digit of 357038?
3
What is the ten thousands digit of 42011?
4
What is the thousands digit of 225139?
5
What is the units digit of 4364319?
9
What is the thousands digit of 3607030?
7
What is the ten thousands digit of 266736?
6
What is the hundred thousands digit of 3424820?
4
What is the units digit of 619283?
3
What is the ten thousands digit of 214264?
1
What is the hundreds digit of 193376?
3
What is the thousands digit of 6201846?
1
What is the ten thousands digit of 170012?
7
What is the ten thousands digit of 8367538?
6
What is the hundred thousands digit of 138517?
1
What is the tens digit of 15355?
5
What is the hundreds digit of 1322313?
3
What is the thousands digit of 238687?
8
What is the millions digit of 2574872?
2
What is the ten thousands digit of 32883?
3
What is the hundreds digit of 9287010?
0
What is the thousands digit of 1363864?
3
What is the units digit of 11181532?
2
What is the hundreds digit of 90094?
0
What is the hundred thousands digit of 8167832?
1
What is the units digit of 627787?
7
What is the ten millions digit of 22297581?
2
What is the thousands digit of 1569351?
9
What is the ten thousands digit of 1822349?
2
What is the thousands digit of 2150523?
0
What is the hundred thousands digit of 302981?
3
What is the hundred thousands digit of 15562852?
5
What is the units digit of 414758?
8
What is the tens digit of 171120?
2
What is the thousands digit of 558690?
8
What is the hundreds digit of 187403?
4
What is the tens digit of 335668?
6
What is the units digit of 1174327?
7
What is the thousands digit of 1224408?
4
What is the hundreds digit of 24851870?
8
What is the hundred thousands digit of 272148?
2
What is the hundred thousands digit of 485639?
4
What is the hundreds digit of 491725?
7
What is the thousands digit of 1001742?
1
What is the units digit of 309337?
7
What is the thousands digit of 9606692?
6
What is the hundred thousands digit of 547635?
5
What is the units digit of 1601347?
7
What is the hundred thousands digit of 250345?
2
What is the ten thousands digit of 2553419?
5
What is the units digit of 7234479?
9
What is the tens digit of 489467?
6
What is the thousands digit of 790119?
0
What is the hundred thousands digit of 198257?
1
What is the hundreds digit of 629185?
1
What is the hundreds digit of 1011010?
0
What is the thousands digit of 234202?
4
What is the tens digit of 2040441?
4
What is the tens digit of 531992?
9
What is the millions digit of 2255209?
2
What is the thousands digit of 158339?
8
What is the hundreds digit of 1266903?
9
What is the tens digit of 91759?
5
What is the tens digit of 9060903?
0
What is the hundreds digit of 2675988?
9
What is the hundreds digit of 1631151?
1
What is the hundred thousands digit of 4654948?
6
What is the thousands digit of 228360?
8
What is the units digit of 37315?
5
What is the hundreds digit of 297282?
2
What is the millions digit of 6631582?
6
What is the tens digit of 3011050?
5
What is the thousands digit of 18833?
8
What is the ten thousands digit of 5817177?
1
What is the hundreds digit of 111557?
5
What is the thousands digit of 18215531?
5
What is the hundreds digit of 8406813?
8
What is the thousands digit of 5193162?
3
What is the hundred thousands digit of 4535690?
5
What is the tens digit of 141068?
6
What is the thousands digit of 1319453?
9
What is the tens digit of 25116?
1
What is the ten thousands digit of 4433576?
3
What is the hundreds digit of 145225?
2
What is the ten millions digit of 16026782?
1
What is the hundreds digit of 369060?
0
What is the hundred thousands digit of 678202?
6
What is the units digit of 205735?
5
What is the tens digit of 312478?
7
What is the thousands digit of 646398?
6
What is the tens digit of 41849868?
6
What is the hundred thousands digit of 2425733?
4
What is the hundreds digit of 678033?
0
What is the millions digit of 5344511?
5
What is the thousands digit of 8118437?
8
What is the thousands digit of 5602072?
2
What is the ten thousands digit of 15525881?
2
What is the tens digit of 367481?
8
What is the units digit of 1414710?
0
What is the ten thousands digit of 60606?
6
What is the thousands digit of 311833?
1
What is the thousands digit of 9602404?
2
What is the thousands digit of 231583?
1
What is the hundreds digit of 1582973?
9
What is the millions digit of 2327819?
2
What is the hundred thousands digit of 312259?
3
What is the tens digit of 3651258?
5
What is the hundred thousands digit of 979029?
9
What is the thousands digit of 422534?
2
What is the millions digit of 1273495?
1
What is the hundred thousands digit of 827554?
8
What is the units digit of 2222978?
8
What is the millions digit of 7252705?
7
What is the units digit of 234325?
5
What is the units digit of 7767433?
3
What is the hundred thousands digit of 997193?
9
What is the units digit of 2767549?
9
What is the hundreds digit of 9353920?
9
What is the ten thousands digit of 3400272?
0
What is the hundred thousands digit of 3437475?
4
What is the hundreds digit of 249437?
4
What is the hundred thousands digit of 3939000?
9
What is the hundreds digit of 359861?
8
What is the thousands digit of 8348083?
8
What is the millions digit of 1118325?
1
What is the tens digit of 25456?
5
What is the thousands digit of 670757?
0
What is the hundreds digit of 718407?
4
What is the millions digit of 11343108?
1
What is the hundred thousands digit of 6263444?
2
What is the units digit of 362023?
3
What is the thousands digit of 14763595?
3
What is the units digit of 428516?
6
What is the tens digit of 301473?
7
What is the hundreds digit of 1491668?
6
What is the units digit of 766979?
9
What is the hundreds digit of 2072396?
3
What is the ten thousands digit of 7454334?
5
What is the thousands digit of 1256855?
6
What is the ten millions digit of 29960357?
2
What is the tens digit of 3820663?
6
What is the units digit of 350687?
7
What is the ten thousands digit of 251093?
5
What is the units digit of 1492767?
7
What is the hundreds digit of 7683213?
2
What is the ten thousands digit of 3680421?
8
What is the millions digit of 5431415?
5
What is the units digit of 6628149?
9
What is the millions digit of 7010570?
7
What is the thousands digit of 669555?
9
What is 